{"id":4042,"date":"2021-12-18T16:38:54","date_gmt":"2021-12-18T16:38:54","guid":{"rendered":"https:\/\/the7.io\/elementor-business\/?page_id=4042"},"modified":"2023-10-14T22:31:58","modified_gmt":"2023-10-14T22:31:58","slug":"about","status":"publish","type":"page","link":"https:\/\/www.multimur.com\/index.php\/about\/","title":{"rendered":"Sobre nosotros"},"content":{"rendered":"\t\t<div data-elementor-type=\"wp-page\" data-elementor-id=\"4042\" class=\"elementor elementor-4042\" data-elementor-post-type=\"page\">\n\t\t\t\t\t\t<section class=\"elementor-section elementor-top-section elementor-element elementor-element-7b8102d elementor-section-boxed elementor-section-height-default elementor-section-height-default\" data-id=\"7b8102d\" data-element_type=\"section\">\n\t\t\t\t\t\t<div class=\"elementor-container elementor-column-gap-wider\">\n\t\t\t\t\t<div class=\"elementor-column elementor-col-100 elementor-top-column elementor-element elementor-element-6c3c223\" data-id=\"6c3c223\" data-element_type=\"column\">\n\t\t\t<div class=\"elementor-widget-wrap elementor-element-populated\">\n\t\t\t\t\t\t<div class=\"elementor-element elementor-element-f756c7c elementor-widget elementor-widget-heading\" data-id=\"f756c7c\" data-element_type=\"widget\" data-widget_type=\"heading.default\">\n\t\t\t\t<div class=\"elementor-widget-container\">\n\t\t\t\t\t<h2 class=\"elementor-heading-title elementor-size-default\">Multimur: Tu socio en soluciones empresariales integrales<\/h2>\t\t\t\t<\/div>\n\t\t\t\t<\/div>\n\t\t\t\t\t<\/div>\n\t\t<\/div>\n\t\t\t\t\t<\/div>\n\t\t<\/section>\n\t\t\t\t<section class=\"elementor-section elementor-top-section elementor-element elementor-element-71de880 elementor-reverse-tablet elementor-reverse-mobile elementor-section-boxed elementor-section-height-default elementor-section-height-default\" data-id=\"71de880\" data-element_type=\"section\">\n\t\t\t\t\t\t<div class=\"elementor-container elementor-column-gap-wider\">\n\t\t\t\t\t<div class=\"elementor-column elementor-col-100 elementor-top-column elementor-element elementor-element-90dd1af\" data-id=\"90dd1af\" data-element_type=\"column\" data-settings=\"{&quot;background_background&quot;:&quot;gradient&quot;}\">\n\t\t\t<div class=\"elementor-widget-wrap elementor-element-populated\">\n\t\t\t\t\t\t<div class=\"elementor-element elementor-element-91f339c elementor-widget elementor-widget-text-editor\" data-id=\"91f339c\" data-element_type=\"widget\" data-widget_type=\"text-editor.default\">\n\t\t\t\t<div class=\"elementor-widget-container\">\n\t\t\t\t\t\t\t\t\t<p>\u00bfQu\u00e9 necesitas? En Multimur, nos enorgullece ofrecer una amplia gama de servicios que proporcionan soluciones integrales para tu empresa. Nuestra filosof\u00eda se basa en la creaci\u00f3n de un modelo de negocio \u00fanico, que abarca desde la contrataci\u00f3n de servicios individuales hasta la gesti\u00f3n completa de todas tus operaciones. Esto nos permite brindar un asesoramiento y servicio continuamente adaptado a tus necesidades, lo que a su vez optimiza tus recursos y costos.<\/p><p>Nuestra excelencia en la gesti\u00f3n integral de servicios, el minucioso trabajo de nuestro equipo y la perfecta sincronizaci\u00f3n de nuestros profesionales con las empresas que conf\u00edan en nosotros, convierten a Multimur en la elecci\u00f3n definitiva para impulsar tu negocio hacia el \u00e9xito.<\/p>\t\t\t\t\t\t\t\t<\/div>\n\t\t\t\t<\/div>\n\t\t\t\t\t<\/div>\n\t\t<\/div>\n\t\t\t\t\t<\/div>\n\t\t<\/section>\n\t\t\t\t<section class=\"elementor-section elementor-top-section elementor-element elementor-element-4b3f2c7 elementor-section-boxed elementor-section-height-default elementor-section-height-default\" data-id=\"4b3f2c7\" data-element_type=\"section\">\n\t\t\t\t\t\t\t<div class=\"elementor-background-overlay\"><\/div>\n\t\t\t\t\t\t\t<div class=\"elementor-container elementor-column-gap-wider\">\n\t\t\t\t\t<div class=\"elementor-column elementor-col-100 elementor-top-column elementor-element elementor-element-76b045d\" data-id=\"76b045d\" data-element_type=\"column\">\n\t\t\t<div class=\"elementor-widget-wrap elementor-element-populated\">\n\t\t\t\t\t\t<div class=\"elementor-element elementor-element-2be8582 elementor-widget elementor-widget-heading\" data-id=\"2be8582\" data-element_type=\"widget\" data-widget_type=\"heading.default\">\n\t\t\t\t<div class=\"elementor-widget-container\">\n\t\t\t\t\t<h2 class=\"elementor-heading-title elementor-size-default\">Calidad de empresa certificada<\/h2>\t\t\t\t<\/div>\n\t\t\t\t<\/div>\n\t\t\t\t\t<\/div>\n\t\t<\/div>\n\t\t\t\t\t<\/div>\n\t\t<\/section>\n\t\t\t\t<section class=\"elementor-section elementor-top-section elementor-element elementor-element-8dbda3f elementor-reverse-tablet elementor-reverse-mobile elementor-section-boxed elementor-section-height-default elementor-section-height-default\" data-id=\"8dbda3f\" data-element_type=\"section\">\n\t\t\t\t\t\t\t<div class=\"elementor-background-overlay\"><\/div>\n\t\t\t\t\t\t\t<div class=\"elementor-container elementor-column-gap-wider\">\n\t\t\t\t\t<div class=\"elementor-column elementor-col-100 elementor-top-column elementor-element elementor-element-059269a\" data-id=\"059269a\" data-element_type=\"column\" data-settings=\"{&quot;background_background&quot;:&quot;gradient&quot;}\">\n\t\t\t<div class=\"elementor-widget-wrap elementor-element-populated\">\n\t\t\t\t\t\t<div class=\"elementor-element elementor-element-37d1737 elementor-widget elementor-widget-text-editor\" data-id=\"37d1737\" data-element_type=\"widget\" data-widget_type=\"text-editor.default\">\n\t\t\t\t<div class=\"elementor-widget-container\">\n\t\t\t\t\t\t\t\t\t<p>LGA Technological Center , S.A. certifica que el Sistema de Gesti\u00f3n de Calidad de la organizaci\u00f3n Multimur Servicios Integrales S.L. para las actividades de:<\/p><p>Prestaci\u00f3n de servicios auxiliares: control de accesos, porter\u00eda, atenci\u00f3n al p\u00fablico, gu\u00edas de museos, talleres did\u00e1cticos y comercializaci\u00f3n de equipamiento cl\u00ednico y hospitalario.<\/p>\t\t\t\t\t\t\t\t<\/div>\n\t\t\t\t<\/div>\n\t\t\t\t\t<\/div>\n\t\t<\/div>\n\t\t\t\t\t<\/div>\n\t\t<\/section>\n\t\t\t\t<section class=\"elementor-section elementor-top-section elementor-element elementor-element-447a321 elementor-section-boxed elementor-section-height-default elementor-section-height-default\" data-id=\"447a321\" data-element_type=\"section\">\n\t\t\t\t\t\t<div class=\"elementor-container elementor-column-gap-wider\">\n\t\t\t\t\t<div class=\"elementor-column elementor-col-100 elementor-top-column elementor-element elementor-element-cf7b101\" data-id=\"cf7b101\" data-element_type=\"column\">\n\t\t\t<div class=\"elementor-widget-wrap elementor-element-populated\">\n\t\t\t\t\t\t<div class=\"elementor-element elementor-element-a1bde25 elementor-widget elementor-widget-heading\" data-id=\"a1bde25\" data-element_type=\"widget\" data-widget_type=\"heading.default\">\n\t\t\t\t<div class=\"elementor-widget-container\">\n\t\t\t\t\t<h2 class=\"elementor-heading-title elementor-size-default\">Pol\u00edticas de Calidad<\/h2>\t\t\t\t<\/div>\n\t\t\t\t<\/div>\n\t\t\t\t\t<\/div>\n\t\t<\/div>\n\t\t\t\t\t<\/div>\n\t\t<\/section>\n\t\t\t\t<section class=\"elementor-section elementor-top-section elementor-element elementor-element-28702e8 elementor-reverse-tablet elementor-reverse-mobile elementor-section-boxed elementor-section-height-default elementor-section-height-default\" data-id=\"28702e8\" data-element_type=\"section\">\n\t\t\t\t\t\t<div class=\"elementor-container elementor-column-gap-wider\">\n\t\t\t\t\t<div class=\"elementor-column elementor-col-100 elementor-top-column elementor-element elementor-element-7e2a8a7\" data-id=\"7e2a8a7\" data-element_type=\"column\" data-settings=\"{&quot;background_background&quot;:&quot;gradient&quot;}\">\n\t\t\t<div class=\"elementor-widget-wrap elementor-element-populated\">\n\t\t\t\t\t\t<div class=\"elementor-element elementor-element-fed52b5 elementor-widget elementor-widget-text-editor\" data-id=\"fed52b5\" data-element_type=\"widget\" data-widget_type=\"text-editor.default\">\n\t\t\t\t<div class=\"elementor-widget-container\">\n\t\t\t\t\t\t\t\t\t<p><strong>Profesionalidad:<\/strong>\u00a0Ofrecer un servicio con los profesionales mejor cualificados.<\/p><p><strong>Servicio:<\/strong>\u00a0Dirigir nuestros esfuerzos a la mejora de la calidad de nuestros servicios.<\/p><p><strong>Confianza:<\/strong>\u00a0Orientaci\u00f3n al cliente, aport\u00e1ndole a sus necesidades soluciones espec\u00edficas.<\/p>\t\t\t\t\t\t\t\t<\/div>\n\t\t\t\t<\/div>\n\t\t\t\t\t<\/div>\n\t\t<\/div>\n\t\t\t\t\t<\/div>\n\t\t<\/section>\n\t\t\t\t<\/div>\n\t\t","protected":false},"excerpt":{"rendered":"<p>Multimur: Tu socio en soluciones empresariales integrales \u00bfQu\u00e9 necesitas? En Multimur, nos enorgullece ofrecer una amplia gama de servicios que proporcionan soluciones integrales para tu empresa. Nuestra filosof\u00eda se basa en la creaci\u00f3n de un modelo de negocio \u00fanico, que abarca desde la contrataci\u00f3n de servicios individuales hasta la gesti\u00f3n completa de todas tus operaciones.&hellip;<\/p>\n","protected":false},"author":1,"featured_media":453,"parent":0,"menu_order":30,"comment_status":"closed","ping_status":"closed","template":"","meta":{"footnotes":""},"class_list":["post-4042","page","type-page","status-publish","has-post-thumbnail","hentry"],"_links":{"self":[{"href":"https:\/\/www.multimur.com\/index.php\/wp-json\/wp\/v2\/pages\/4042","targetHints":{"allow":["GET"]}}],"collection":[{"href":"https:\/\/www.multimur.com\/index.php\/wp-json\/wp\/v2\/pages"}],"about":[{"href":"https:\/\/www.multimur.com\/index.php\/wp-json\/wp\/v2\/types\/page"}],"author":[{"embeddable":true,"href":"https:\/\/www.multimur.com\/index.php\/wp-json\/wp\/v2\/users\/1"}],"replies":[{"embeddable":true,"href":"https:\/\/www.multimur.com\/index.php\/wp-json\/wp\/v2\/comments?post=4042"}],"version-history":[{"count":4,"href":"https:\/\/www.multimur.com\/index.php\/wp-json\/wp\/v2\/pages\/4042\/revisions"}],"predecessor-version":[{"id":5809,"href":"https:\/\/www.multimur.com\/index.php\/wp-json\/wp\/v2\/pages\/4042\/revisions\/5809"}],"wp:featuredmedia":[{"embeddable":true,"href":"https:\/\/www.multimur.com\/index.php\/wp-json\/wp\/v2\/media\/453"}],"wp:attachment":[{"href":"https:\/\/www.multimur.com\/index.php\/wp-json\/wp\/v2\/media?parent=4042"}],"curies":[{"name":"wp","href":"https:\/\/api.w.org\/{rel}","templated":true}]}}